- (-13 - (-6 + (-12 - -10 - 1))).
-6
Evaluate 19 + 7 + -24 + (-8 - 2 - -2).
-6
5 + (-2 - (7 + -6 + 5)) - 7
-10
(23 - 2) + (-31 - -28)
18
Evaluate -10 - (-8 - -15 - (7 - 7)).
-17
Calculate (6 - 38) + 4 - (-79 - -73).
-22
Calculate -8 - (2 - 0) - ((4 - 14) + 10).
-10
(1 - 2) + (23 - ((23 - 15) + 10))
4
What is the value of (0 - (3 + 3 + -7)) + -3?
-2
What is the value of (-24 + 13 + 11 - 9) + 20?
11
Evaluate 0 - 0 - (-20 + 24 - -14).
-18
10 + (-33 - (-15 + -3) - -12)
7
Evaluate 3 + -11 - ((2 - 0 - 8) + 3).
-5
What is the value of -4 + 6 + 9 + (-22 - 8) + -4?
-23
Calculate (-9 - (-2 - 10)) + -8 + 1 - 10.
-14
Calculate 5 + -1 + 0 + 4 + 3.
11
Evaluate 57 + 5 + -38 + -49.
-25
Evaluate (4 + 3 - 21) + 10.
-4
-8 + -4 + 1 - -9
-2
What is ((-1 - 6) + -1 - -3) + (-11 - -14)?
-2
What is 21 + 46 + -60 - (20 - 1)?
-12
(10 - (-1 - -12)) + 28 + (-5 - 2)
20
Calculate (67 - 61) + (5 - -8) + -3.
16
Evaluate -3 + (19 - 23) + -1.
-8
Evaluate (-2 - 0 - -10) + -6 + -8 + -10.
-16
11 - (2 - 1) - (683 + -687)
14
Evaluate 601 - 612 - (3 + -3 + 1).
-12
Calculate 2 + 3 + 2 + -4 - (-12 + 3).
12
Calculate 21 + -65 + -3 + 30.
-17
What is -29 - -28 - (1 + -30) - (2 - -4)?
22
Calculate 22 + -7 + (0 - (-19 + 5)).
29
-344 + 336 - (5 + 1)
-14
Calculate 21 - (17 + (-21 - -14)).
11
What is -4 + 9 + (2 - 1) - -4 - -1?
11
(-28 - -1) + (24 - 20) + -6
-29
-9 - (-1 - -2) - (929 + -943)
4
Calculate 6 - ((5 - 3) + (-2 - 0)) - 2.
4
What is ((-3 - -1) + 4 - -27) + 9 + -20?
18
What is the value of -5 + -3 + -2 - (-10 - 14)?
14
Calculate 23 + -5 - 6 - 8.
4
What is the value of 3 + (-12 - (5 - 1) - -5) + -4?
-12
What is the value of -2 - (4 - -6) - (3 + -4)?
-11
Evaluate (-50 - (38 + -47)) + 2 + 14.
-25
-24 + 11 + 7 + -10 - -8
-8
Evaluate -2 - (2 + 1 + (7 + 0 - 15)).
3
Calculate -2 - 10 - (-21 - 2).
11
Evaluate -7 + (-19 - (11 + -33)).
-4
What is the value of -5 + ((-21 - -5) + 41 - 5)?
15
-11 + (-3 + -2 - 1) + -1 + 2
-16
(-4 - (-1 + 0)) + 100 + -85
12
What is -19 + (-17 - (-22 - -2))?
-16
Calculate (2 - (7 - 5)) + -3 - 1 - -2.
-2
What is the value of (-3 - (-8 + -4 + 11)) + (2 - 2)?
-2
Evaluate 5 + -16 + 7 + (-5 - -24).
15
What is (-7 + 15 + -3 + -3 - 4) + 4?
2
What is the value of (-20 - -12) + 6 + -1 - -9 - 12?
-6
What is the value of 4 - 9 - (1 + -12 + 10 + -8)?
4
-8 + 22 - 2 - (-1 + -3)
16
What is the value of -10 + (-5 - (8 - 0 - 0 - 10))?
-13
What is 18 + -87 + 30 - (-12 + 0)?
-27
Calculate -10 + -14 - (-1 + -1 + 8 + -1).
-29
(6 - 1 - 2) + -15 + 16
4
2 - (-7 - 1) - (-23 + (-21 - -45))
9
What is (-2 + 0 + 7 - -2) + (0 - -3)?
10
What is the value of -1 - (7 - (-1 - (-1 + -2) - 0))?
-6
Calculate (-7 - -7) + 0 + -19 + -6 - 2.
-27
Calculate 0 + -1 + (98 - 81) - -13.
29
-11 + -3 + 12 + -9
-11
What is 2 + -16 - (22 + -10 - 11)?
-15
8 - -3 - 10 - 10 - 12
-21
Calculate -55 - -74 - (-7 - -36).
-10
Evaluate -19 - (-2 - (4 + (5 - -2))).
-6
Evaluate -8 - (-6 + 4) - 3 - -15.
6
-8 - (-26 + 13 + 7)
-2
Calculate -6 + (-13 - -29) - 18 - (-2 + -1).
-5
What is (-6 - (25 + -9)) + -3 + 3?
-22
Evaluate 11 + 1 + (-4 - -2).
10
What is the value of -20 + (0 - -26) - 31?
-25
What is -4 + 4 + 15 + -11?
4
0 - (-3 + 10 + 0 - (-1 + 20))
12
Calculate 49 + (-24 - (-13 + (11 - 5))).
32
What is the value of 26 + -34 - (-1 - (6 + -1 - 8))?
-10
0 + -9 + 26 + -31 + 17
3
Calculate -2 - 11 - (253 + -265).
-1
What is 13 + (-16 - -9) + -18?
-12
(-5 - (-7 + 0)) + (23 - 3 - 20)
2
Calculate -7 + (-4 - (1 + (-7 - -6)) - -9).
-2
What is the value of 11 + -13 + 4 + -10?
-8
Evaluate 39 + 12 + -18 + -2 + 8.
39
What is the value of 5 + -13 + 3 + (11 - 7) - 13?
-14
Evaluate 3 + (30 - 10) + -40.
-17
What is the value of -4 - (-19 + -1 - -28)?
-12
What is 1 + -35 + -2 + -14 + 22 + 1?
-27
What is (-103 - -96) + 0 + -2?
-9
What is the value of -44 + (4 + 7 - 0 - -2)?
-31
Evaluate (-194 - -180) + (12 - 2).
-4
Evaluate (-5 - (-15 + (-1 - -4))) + -23 + 2.
-14
What is the value of -8 + 2 + (-101 - -111) - (-1 + 3)?
2
What is the value of -10 + 5 + -18 + 6?
-17
What is the value of 24 - (44 + -7 + -10)?
-3
What is the value of 13 + 2 - 20 - ((3 - -3) + -11)?
0
-27 + (-3 + -2 - 6) + 2 - -11
-25
Calculate (9 - (-3 + 3)) + -32 + 26.
3
What is the value of -4 + 0 - ((3 - -2 - 2) + 9)?
-16
Evaluate 157 + -174 - (-1 + -8).
-8
(1 - 0) + -9 + 2 + 13 + -4
3
Calculate 6 + (22 + -18 - -17).
27
Calculate 7 + 2 - (6 - -40 - 12 - 13).
-12
Calculate (171 - 170) + -16 + 3 + 0 + -6.
-18
Evaluate -7 + (2 - (3 + -4)) - (-37 + 35).
-2
Calculate 25 - (-47 + (68 - 32)).
36
Evaluate -72 + 100 + (-9 - 36).
-17
What is (-8 - 10 - -29) + (3 - -6)?
20
Evaluate 1 + (12 - (2 + -5 + 5 + -4)).
15
What is 4 + (-2 + 5 - -1) + -7?
1
(-47 - -18) + (-8 - -12)
-25
Calculate -12 - (-1 + 2 + (-8 - 1)).
-4
What is the value of (1 - 11) + (-59 - -72) + -18 + 1?
-14
Calculate -3 - (-85 + 103 + (-3 - 0)).
-18
Evaluate -469 - -463 - (3 - 1 - -2 - -2).
-12
Calculate 7 + (13 - 19 - -5) + -2.
4
What is (-2 + 11 - 1) + -6?
2
80 + -40 - (-1 - 7) - 17
31
Calculate (-13 - 1) + -96 + 106 + -5 + 34.
25
Calculate (-2 - 4) + 12 - (-6 + 15).
-3
What is 65 + -79 + 2 + 0?
-12
(20 - 1) + -81 + 71 + 7
16
78 + -51 - (45 - 4)
-14
What is the value of (-17 - 8) + (-4 - -10) + (4 - 2)?
-17
Evaluate -2 - 12 - (74 - 83).
-5
55 - (74 + -33) - (0 + 52)
-38
4 + ((4 - (1 + 0)) + -1 - 4)
2
Calculate -72 + 68 - 3 - (-14 + 0).
7
What is -21 - ((-18 + -3 + 7 - 0) + 9)?
-16
What is the value of 57 - (27 + -45 - -49)?
26
Evaluate 41 + (-1 - 1) - 28.
11
Calculate 6 + (-3 - -8) + -11 + -12.
-12
-12 - (-6 - ((-9 - (-4 - 0)) + 5))
-6
What is 7 + -9 - ((-1 - 1) + (-11 - -8))?
3
What is the value of 1 + 1 - (34 + -29 + 3)?
-6
Evaluate (-2 - (0 - -6)) + 10.
2
11 + 3 - 13 - -10 - -3
14
4 + (-16 - -13) - 4
-3
What is -16 + (4 - -5) + (-3 - -10) + -14?
-14
What is the value of -3 + -7 + -1 + 14?
3
What is the value of 5 + (16 + -11 - 18) + -3 + 6?
-5
What is the value of 0 - 1 - (127 + -130)?
2
What is (-12 - -10 - 5) + (2 - 8)?
-13
What is 98 + -127 + (33 - -1)?
5
Calculate -3 - (5 + 10 - (-2 - -27)).
7
-5 - (8 - (-3 - -9)) - 8 - 4
-19
What is (1 - 9 - (-62 - -66)) + 7?
-5
16 + -4 - (-28 - -33 - -9)
-2
What is the value of 5 + (1 + 8 - 6 - 2)?
6
Evaluate -13 - (5 - 18 - 8).
8
Evaluate 5 - ((32 - -1) + (-31 + 25 - -1)).
-23
(1 - (-10 - -18)) + 6
-1
What is -4 + 7 + (-10 - -4) + -1 - -7?
3
What is -5 - -27 - (-18 - (8 + -33))?
15
Calculate (-8 - -8) + 1 - -15 - (4 + 1).
11
Calculate 0 - -2 - 8 - (6 + -24 + 19).
-7
-2 - (5 + (-4 - -9) + -7)
-5
What is (0 + 0 + 1 - 2) + -10?
-11
What is (-5 - -13 - -8) + -17?
-1
15 + (-12 - (-7 + (8 - 6)))
8
What is the value of (4 - 28) + 25 + (1 - -20)?
22
Evaluate (-6 - (2 + -13)) + -12 - 9.
-16
(-8 - (3 + -20)) + -5
4
What is 3 - (4 + 9) - -15?
5
What is (-25 - -26) + 11 + 8?
20
9 - (5 - -15) - 0
-11
What is -15 - (7 - (-14 + (37 - 17)))?
-16
Calculate 8 + -16 + 13 + (3 - 6).
2
What is the value of 0 + 10 + -21 + 5 + 30 - -11?
35
Calculate (-4 - (-8 + 19)) + 7 + (-26 - -4).
-30
What is the value of (26 - 14 - -3) + -5?
10
Calculate -23 + (-12 - (-24 + 7)) + -11.
-29
Evaluate (-12 - (2 + -1)) + -10 + 2 + 9.
-12
Evaluate 10 + (1 - (118 + -110 - (7 + 1))).
11
7 - ((6 - 15) + 6 - (-6 + -1))
3
118 + -83 - (2 + 16)
17
Calculate (14 - 21) + 13 - (15 + -11).
2
Calculate -1 + (-2 - 25 - -11).
-17
Evaluate 5 + (3 - (6 - 8 - -10)) + -23.
-23
What is (-10 - -3) + 20 - 5?
8
What is the value of 20 + (-41 - -14 - -15) + -21?
-13
What is the value of 6 - (-3 + -3 + 9)?
3
What is the value of 0 + 43 - (3133 - 3121)?
31
What is the value of -12 + (3 + (4 - 8) - 2 - 1)?
-16
4 + -23 + (15 - -11)
7
What is the value of -23 - (-51 + 26 + 5)?
-3
What is -16 + 28 + -11 + (-3 - 0)?
-2
Evaluate 0 - 8 - (-978 - -956).
14
-18 + (22 - (5 - -13))
-14
0 + 1 - 2 - (-126 + 119)
6
What is 34 + 1 + (-58 - -26)?
3
What is (-2 - 7) + (-1 + 27 - 2)?
15
17 + -23 + -3 + 4 + -1
-6
Evaluate (-1 - 5 - 21) + 18.
-9
What is (11 - 5 - 1) + -10 + 11 + 1?
7
What is the value of (1 - 7) + (-9 - 2)?
-17
-270 + 263 + (3 + 1 + -1 - 13)
-17
What is the value of -13 + -10 + 36 + -2?
11
Evaluate 3 + (-22 - -1) - 5.
-23
Calculate -2 + -3 + -27 + 17 + 1 + -10.
-24
What is -10 + -14 + 12 + 8?
-4
What is the value of -9 + (28 - -12) + -16?
15
What is -25 + -2 - (-56 - -41)?
-12
Calculate 10 - 17 - 2 - (0 - -1 - -3).
-13
-3 - 5 - (-1 - (-4 + 9))
-2
C